{"id":1648,"date":"2025-04-29T06:38:38","date_gmt":"2025-04-29T04:38:38","guid":{"rendered":"https:\/\/forstunternehmer.ch\/?page_id=1648"},"modified":"2025-04-29T06:51:44","modified_gmt":"2025-04-29T04:51:44","slug":"politik","status":"publish","type":"page","link":"https:\/\/forstunternehmer.ch\/fr\/politik\/","title":{"rendered":"Politique"},"content":{"rendered":"<div data-elementor-type=\"wp-page\" data-elementor-id=\"1648\" class=\"elementor elementor-1648\" data-elementor-post-type=\"page\">\n\t\t\t\t<div class=\"elementor-element elementor-element-4e6bd95 e-flex e-con-boxed e-con e-parent\" data-id=\"4e6bd95\" data-element_type=\"container\">\n\t\t\t\t\t<div class=\"e-con-inner\">\n\t\t<div class=\"elementor-element elementor-element-3272281 e-con-full e-flex e-con e-child\" data-id=\"3272281\" data-element_type=\"container\">\n\t\t\t\t<div class=\"elementor-element elementor-element-e97e512 elementor-widget elementor-widget-text-editor\" data-id=\"e97e512\" data-element_type=\"widget\" data-widget_type=\"text-editor.default\">\n\t\t\t\t\t\t\t\t\t<p><strong>Nous, entrepreneurs forestiers<\/strong><\/p>\t\t\t\t\t\t\t\t<\/div>\n\t\t\t\t<div class=\"elementor-element elementor-element-d0c1ae1 elementor-widget-tablet__width-inherit animated-slow elementor-invisible elementor-widget elementor-widget-heading\" data-id=\"d0c1ae1\" data-element_type=\"widget\" data-settings=\"{&quot;_animation&quot;:&quot;fadeIn&quot;}\" data-widget_type=\"heading.default\">\n\t\t\t\t\t<h1 class=\"elementor-heading-title elementor-size-default\">Nous nous engageons<\/h1>\t\t\t\t<\/div>\n\t\t\t\t<\/div>\n\t\t\t\t\t<\/div>\n\t\t\t\t<\/div>\n\t\t<div class=\"elementor-element elementor-element-3a69938 e-flex e-con-boxed e-con e-parent\" data-id=\"3a69938\" data-element_type=\"container\">\n\t\t\t\t\t<div class=\"e-con-inner\">\n\t\t\t\t<div class=\"elementor-element elementor-element-f52ef5f elementor-position-inline-start elementor-view-default elementor-mobile-position-block-start elementor-widget elementor-widget-icon-box\" data-id=\"f52ef5f\" data-element_type=\"widget\" data-widget_type=\"icon-box.default\">\n\t\t\t\t\t\t\t<div class=\"elementor-icon-box-wrapper\">\n\n\t\t\t\t\t\t<div class=\"elementor-icon-box-icon\">\n\t\t\t\t<a href=\"https:\/\/forstunternehmer.ch\/wp-content\/uploads\/2025\/04\/20250429_Forstunternehmer_Schweiz_FUS_Stellungnahme_EP_27.pdf\" target=\"_blank\" class=\"elementor-icon\" tabindex=\"-1\" aria-label=\"Paquet d&#039;all\u00e8gement 27\">\n\t\t\t\t<svg aria-hidden=\"true\" class=\"e-font-icon-svg e-fas-file-download\" viewbox=\"0 0 384 512\" xmlns=\"http:\/\/www.w3.org\/2000\/svg\"><path d=\"M224 136V0H24C10.7 0 0 10.7 0 24v464c0 13.3 10.7 24 24 24h336c13.3 0 24-10.7 24-24V160H248c-13.2 0-24-10.8-24-24zm76.45 211.36l-96.42 95.7c-6.65 6.61-17.39 6.61-24.04 0l-96.42-95.7C73.42 337.29 80.54 320 94.82 320H160v-80c0-8.84 7.16-16 16-16h32c8.84 0 16 7.16 16 16v80h65.18c14.28 0 21.4 17.29 11.27 27.36zM377 105L279.1 7c-4.5-4.5-10.6-7-17-7H256v128h128v-6.1c0-6.3-2.5-12.4-7-16.9z\"><\/path><\/svg>\t\t\t\t<\/a>\n\t\t\t<\/div>\n\t\t\t\n\t\t\t\t\t\t<div class=\"elementor-icon-box-content\">\n\n\t\t\t\t\t\t\t\t\t<h3 class=\"elementor-icon-box-title\">\n\t\t\t\t\t\t<a href=\"https:\/\/forstunternehmer.ch\/wp-content\/uploads\/2025\/04\/20250429_Forstunternehmer_Schweiz_FUS_Stellungnahme_EP_27.pdf\" target=\"_blank\" >\n\t\t\t\t\t\t\tPaquet d'all\u00e8gement 27\t\t\t\t\t\t<\/a>\n\t\t\t\t\t<\/h3>\n\t\t\t\t\n\t\t\t\t\t\t\t\t\t<p class=\"elementor-icon-box-description\">\n\t\t\t\t\t\tL'Association Entrepreneurs Forestiers Suisse (EFS) rejette cat\u00e9goriquement les coupes pr\u00e9vues dans le paquet d'all\u00e8gement budg\u00e9taire 27 dans la formation foresti\u00e8re initiale et continue ainsi que dans les t\u00e2ches li\u00e9es \u00e0 l'environnement. De telles \u00e9conomies mettent en p\u00e9ril l'entretien durable de nos for\u00eats et aggravent le manque aigu de personnel qualifi\u00e9 dans le secteur forestier. Le FUS demande \u00e0 la Conf\u00e9d\u00e9ration de continuer \u00e0 assumer ses responsabilit\u00e9s vis-\u00e0-vis de la for\u00eat et de la formation foresti\u00e8re.\t\t\t\t\t<\/p>\n\t\t\t\t\n\t\t\t<\/div>\n\t\t\t\n\t\t<\/div>\n\t\t\t\t\t\t<\/div>\n\t\t\t\t\t<\/div>\n\t\t\t\t<\/div>\n\t\t\t\t<\/div>","protected":false},"excerpt":{"rendered":"<p>Nous, entrepreneurs forestiers, nous engageons Paquet d'all\u00e8gement 27 L'Association suisse des entrepreneurs forestiers (ASEFOR) rejette cat\u00e9goriquement les coupes pr\u00e9vues dans le paquet d'all\u00e8gement 27 dans la formation foresti\u00e8re de base et continue ainsi que dans les t\u00e2ches environnementales communes. De telles \u00e9conomies mettent en p\u00e9ril l'entretien durable de nos for\u00eats et aggravent le manque aigu de personnel qualifi\u00e9 dans le secteur forestier. La FUS demande \u00e0 la Conf\u00e9d\u00e9ration de [...]<\/p>","protected":false},"author":1,"featured_media":0,"parent":0,"menu_order":0,"comment_status":"closed","ping_status":"closed","template":"elementor_header_footer","meta":{"_acf_changed":false,"footnotes":""},"class_list":["post-1648","page","type-page","status-publish","hentry"],"acf":[],"yoast_head":"<!-- This site is optimized with the Yoast SEO plugin v26.8 - https:\/\/yoast.com\/product\/yoast-seo-wordpress\/ -->\n<title>Politik - Forstunternehmer Schweiz<\/title>\n<meta name=\"robots\" content=\"index, follow, max-snippet:-1, max-image-preview:large, max-video-preview:-1\" \/>\n<link rel=\"canonical\" href=\"https:\/\/forstunternehmer.ch\/fr\/politik\/\" \/>\n<meta property=\"og:locale\" content=\"fr_FR\" \/>\n<meta property=\"og:type\" content=\"article\" \/>\n<meta property=\"og:title\" content=\"Politik - Forstunternehmer Schweiz\" \/>\n<meta property=\"og:description\" content=\"Wir Forstunernehmer wir setzen uns ein Entlastungspaket 27 Der Verband Forstunternehmer Schweiz (FUS) lehnt die im Entlastungspaket 27 vorgesehenen K\u00fcrzungen bei der forstlichen Aus- und Weiterbildung sowie bei den Umwelt-Verbundaufgaben entschieden ab. Solche Einsparungen gef\u00e4hrden die nachhaltige Pflege unserer W\u00e4lder und versch\u00e4rfen den akuten Fachkr\u00e4ftemangel in der Forstbranche. Der FUS fordert den Bund auf, seine [&hellip;]\" \/>\n<meta property=\"og:url\" content=\"https:\/\/forstunternehmer.ch\/fr\/politik\/\" \/>\n<meta property=\"og:site_name\" content=\"Forstunternehmer Schweiz\" \/>\n<meta property=\"article:publisher\" content=\"https:\/\/www.facebook.com\/ForstunternehmerSchweiz\" \/>\n<meta property=\"article:modified_time\" content=\"2025-04-29T04:51:44+00:00\" \/>\n<meta name=\"twitter:card\" content=\"summary_large_image\" \/>\n<meta name=\"twitter:label1\" content=\"Dur\u00e9e de lecture estim\u00e9e\" \/>\n\t<meta name=\"twitter:data1\" content=\"1 minute\" \/>\n<script type=\"application\/ld+json\" class=\"yoast-schema-graph\">{\"@context\":\"https:\/\/schema.org\",\"@graph\":[{\"@type\":\"WebPage\",\"@id\":\"https:\/\/forstunternehmer.ch\/politik\/\",\"url\":\"https:\/\/forstunternehmer.ch\/politik\/\",\"name\":\"Politik - Forstunternehmer Schweiz\",\"isPartOf\":{\"@id\":\"https:\/\/forstunternehmer.ch\/#website\"},\"datePublished\":\"2025-04-29T04:38:38+00:00\",\"dateModified\":\"2025-04-29T04:51:44+00:00\",\"breadcrumb\":{\"@id\":\"https:\/\/forstunternehmer.ch\/politik\/#breadcrumb\"},\"inLanguage\":\"fr-FR\",\"potentialAction\":[{\"@type\":\"ReadAction\",\"target\":[\"https:\/\/forstunternehmer.ch\/politik\/\"]}]},{\"@type\":\"BreadcrumbList\",\"@id\":\"https:\/\/forstunternehmer.ch\/politik\/#breadcrumb\",\"itemListElement\":[{\"@type\":\"ListItem\",\"position\":1,\"name\":\"Startseite\",\"item\":\"https:\/\/forstunternehmer.ch\/\"},{\"@type\":\"ListItem\",\"position\":2,\"name\":\"Politik\"}]},{\"@type\":\"WebSite\",\"@id\":\"https:\/\/forstunternehmer.ch\/#website\",\"url\":\"https:\/\/forstunternehmer.ch\/\",\"name\":\"Forstunternehmer Schweiz\",\"description\":\"Die zuverl\u00e4ssigen Partner in der Holzkette\",\"publisher\":{\"@id\":\"https:\/\/forstunternehmer.ch\/#organization\"},\"potentialAction\":[{\"@type\":\"SearchAction\",\"target\":{\"@type\":\"EntryPoint\",\"urlTemplate\":\"https:\/\/forstunternehmer.ch\/?s={search_term_string}\"},\"query-input\":{\"@type\":\"PropertyValueSpecification\",\"valueRequired\":true,\"valueName\":\"search_term_string\"}}],\"inLanguage\":\"fr-FR\"},{\"@type\":\"Organization\",\"@id\":\"https:\/\/forstunternehmer.ch\/#organization\",\"name\":\"Forstunternehmer Schweiz\",\"url\":\"https:\/\/forstunternehmer.ch\/\",\"logo\":{\"@type\":\"ImageObject\",\"inLanguage\":\"fr-FR\",\"@id\":\"https:\/\/forstunternehmer.ch\/#\/schema\/logo\/image\/\",\"url\":\"https:\/\/forstunternehmer.ch\/wp-content\/uploads\/2024\/10\/01_Primary-Logo_Badgeversion_Forstunternehmer_DE_original_Ausgeruestet.png\",\"contentUrl\":\"https:\/\/forstunternehmer.ch\/wp-content\/uploads\/2024\/10\/01_Primary-Logo_Badgeversion_Forstunternehmer_DE_original_Ausgeruestet.png\",\"width\":2560,\"height\":2560,\"caption\":\"Forstunternehmer Schweiz\"},\"image\":{\"@id\":\"https:\/\/forstunternehmer.ch\/#\/schema\/logo\/image\/\"},\"sameAs\":[\"https:\/\/www.facebook.com\/ForstunternehmerSchweiz\",\"https:\/\/www.linkedin.com\/company\/forstunternehmer-schweiz\/\"]}]}<\/script>\n<!-- \/ Yoast SEO plugin. -->","yoast_head_json":{"title":"Politique - Entrepreneurs Forestiers Suisse","robots":{"index":"index","follow":"follow","max-snippet":"max-snippet:-1","max-image-preview":"max-image-preview:large","max-video-preview":"max-video-preview:-1"},"canonical":"https:\/\/forstunternehmer.ch\/fr\/politik\/","og_locale":"fr_FR","og_type":"article","og_title":"Politik - Forstunternehmer Schweiz","og_description":"Wir Forstunernehmer wir setzen uns ein Entlastungspaket 27 Der Verband Forstunternehmer Schweiz (FUS) lehnt die im Entlastungspaket 27 vorgesehenen K\u00fcrzungen bei der forstlichen Aus- und Weiterbildung sowie bei den Umwelt-Verbundaufgaben entschieden ab. Solche Einsparungen gef\u00e4hrden die nachhaltige Pflege unserer W\u00e4lder und versch\u00e4rfen den akuten Fachkr\u00e4ftemangel in der Forstbranche. Der FUS fordert den Bund auf, seine [&hellip;]","og_url":"https:\/\/forstunternehmer.ch\/fr\/politik\/","og_site_name":"Forstunternehmer Schweiz","article_publisher":"https:\/\/www.facebook.com\/ForstunternehmerSchweiz","article_modified_time":"2025-04-29T04:51:44+00:00","twitter_card":"summary_large_image","twitter_misc":{"Dur\u00e9e de lecture estim\u00e9e":"1 minute"},"schema":{"@context":"https:\/\/schema.org","@graph":[{"@type":"WebPage","@id":"https:\/\/forstunternehmer.ch\/politik\/","url":"https:\/\/forstunternehmer.ch\/politik\/","name":"Politique - Entrepreneurs Forestiers Suisse","isPartOf":{"@id":"https:\/\/forstunternehmer.ch\/#website"},"datePublished":"2025-04-29T04:38:38+00:00","dateModified":"2025-04-29T04:51:44+00:00","breadcrumb":{"@id":"https:\/\/forstunternehmer.ch\/politik\/#breadcrumb"},"inLanguage":"fr-FR","potentialAction":[{"@type":"ReadAction","target":["https:\/\/forstunternehmer.ch\/politik\/"]}]},{"@type":"BreadcrumbList","@id":"https:\/\/forstunternehmer.ch\/politik\/#breadcrumb","itemListElement":[{"@type":"ListItem","position":1,"name":"Startseite","item":"https:\/\/forstunternehmer.ch\/"},{"@type":"ListItem","position":2,"name":"Politik"}]},{"@type":"WebSite","@id":"https:\/\/forstunternehmer.ch\/#website","url":"https:\/\/forstunternehmer.ch\/","name":"Entrepreneurs forestiers Suisse","description":"Les partenaires fiables de la cha\u00eene du bois","publisher":{"@id":"https:\/\/forstunternehmer.ch\/#organization"},"potentialAction":[{"@type":"SearchAction","target":{"@type":"EntryPoint","urlTemplate":"https:\/\/forstunternehmer.ch\/?s={search_term_string}"},"query-input":{"@type":"PropertyValueSpecification","valueRequired":true,"valueName":"search_term_string"}}],"inLanguage":"fr-FR"},{"@type":"Organization","@id":"https:\/\/forstunternehmer.ch\/#organization","name":"Entrepreneurs forestiers Suisse","url":"https:\/\/forstunternehmer.ch\/","logo":{"@type":"ImageObject","inLanguage":"fr-FR","@id":"https:\/\/forstunternehmer.ch\/#\/schema\/logo\/image\/","url":"https:\/\/forstunternehmer.ch\/wp-content\/uploads\/2024\/10\/01_Primary-Logo_Badgeversion_Forstunternehmer_DE_original_Ausgeruestet.png","contentUrl":"https:\/\/forstunternehmer.ch\/wp-content\/uploads\/2024\/10\/01_Primary-Logo_Badgeversion_Forstunternehmer_DE_original_Ausgeruestet.png","width":2560,"height":2560,"caption":"Forstunternehmer Schweiz"},"image":{"@id":"https:\/\/forstunternehmer.ch\/#\/schema\/logo\/image\/"},"sameAs":["https:\/\/www.facebook.com\/ForstunternehmerSchweiz","https:\/\/www.linkedin.com\/company\/forstunternehmer-schweiz\/"]}]}},"_links":{"self":[{"href":"https:\/\/forstunternehmer.ch\/fr\/wp-json\/wp\/v2\/pages\/1648","targetHints":{"allow":["GET"]}}],"collection":[{"href":"https:\/\/forstunternehmer.ch\/fr\/wp-json\/wp\/v2\/pages"}],"about":[{"href":"https:\/\/forstunternehmer.ch\/fr\/wp-json\/wp\/v2\/types\/page"}],"author":[{"embeddable":true,"href":"https:\/\/forstunternehmer.ch\/fr\/wp-json\/wp\/v2\/users\/1"}],"replies":[{"embeddable":true,"href":"https:\/\/forstunternehmer.ch\/fr\/wp-json\/wp\/v2\/comments?post=1648"}],"version-history":[{"count":16,"href":"https:\/\/forstunternehmer.ch\/fr\/wp-json\/wp\/v2\/pages\/1648\/revisions"}],"predecessor-version":[{"id":1667,"href":"https:\/\/forstunternehmer.ch\/fr\/wp-json\/wp\/v2\/pages\/1648\/revisions\/1667"}],"wp:attachment":[{"href":"https:\/\/forstunternehmer.ch\/fr\/wp-json\/wp\/v2\/media?parent=1648"}],"curies":[{"name":"wp","href":"https:\/\/api.w.org\/{rel}","templated":true}]}}

<div data-elementor-type="wp-page" data-elementor-id="1648" class="elementor elementor-1648" data-elementor-post-type="page">
				<div class="elementor-element elementor-element-4e6bd95 e-flex e-con-boxed e-con e-parent" data-id="4e6bd95" data-element_type="container">
					<div class="e-con-inner">
		<div class="elementor-element elementor-element-3272281 e-con-full e-flex e-con e-child" data-id="3272281" data-element_type="container">
				<div class="elementor-element elementor-element-e97e512 elementor-widget elementor-widget-text-editor" data-id="e97e512" data-element_type="widget" data-widget_type="text-editor.default">
									<p><strong>Nous, entrepreneurs forestiers</strong></p>								</div>
				<div class="elementor-element elementor-element-d0c1ae1 elementor-widget-tablet__width-inherit animated-slow elementor-invisible elementor-widget elementor-widget-heading" data-id="d0c1ae1" data-element_type="widget" data-settings="{&quot;_animation&quot;:&quot;fadeIn&quot;}" data-widget_type="heading.default">
					<h1 class="elementor-heading-title elementor-size-default">Nous nous engageons</h1>				</div>
				</div>
					</div>
				</div>
		<div class="elementor-element elementor-element-3a69938 e-flex e-con-boxed e-con e-parent" data-id="3a69938" data-element_type="container">
					<div class="e-con-inner">
				<div class="elementor-element elementor-element-f52ef5f elementor-position-inline-start elementor-view-default elementor-mobile-position-block-start elementor-widget elementor-widget-icon-box" data-id="f52ef5f" data-element_type="widget" data-widget_type="icon-box.default">
							<div class="elementor-icon-box-wrapper">

						<div class="elementor-icon-box-icon">
				<a href="https://forstunternehmer.ch/wp-content/uploads/2025/04/20250429_Forstunternehmer_Schweiz_FUS_Stellungnahme_EP_27.pdf" target="_blank" class="elementor-icon" tabindex="-1" aria-label="Paquet d&#039;allègement 27">
				<svg aria-hidden="true" class="e-font-icon-svg e-fas-file-download" viewbox="0 0 384 512" xmlns="http://www.w3.org/2000/svg"><path d="M224 136V0H24C10.7 0 0 10.7 0 24v464c0 13.3 10.7 24 24 24h336c13.3 0 24-10.7 24-24V160H248c-13.2 0-24-10.8-24-24zm76.45 211.36l-96.42 95.7c-6.65 6.61-17.39 6.61-24.04 0l-96.42-95.7C73.42 337.29 80.54 320 94.82 320H160v-80c0-8.84 7.16-16 16-16h32c8.84 0 16 7.16 16 16v80h65.18c14.28 0 21.4 17.29 11.27 27.36zM377 105L279.1 7c-4.5-4.5-10.6-7-17-7H256v128h128v-6.1c0-6.3-2.5-12.4-7-16.9z"></path></svg>				</a>
			</div>
			
						<div class="elementor-icon-box-content">

									<h3 class="elementor-icon-box-title">
						<a href="https://forstunternehmer.ch/wp-content/uploads/2025/04/20250429_Forstunternehmer_Schweiz_FUS_Stellungnahme_EP_27.pdf" target="_blank" >
							Paquet d'allègement 27						</a>
					</h3>
				
									<p class="elementor-icon-box-description">
						L'Association Entrepreneurs Forestiers Suisse (EFS) rejette catégoriquement les coupes prévues dans le paquet d'allègement budgétaire 27 dans la formation forestière initiale et continue ainsi que dans les tâches liées à l'environnement. De telles économies mettent en péril l'entretien durable de nos forêts et aggravent le manque aigu de personnel qualifié dans le secteur forestier. Le FUS demande à la Confédération de continuer à assumer ses responsabilités vis-à-vis de la forêt et de la formation forestière.					</p>
				
			</div>
			
		</div>
						</div>
					</div>
				</div>
				</div>

<p>Nous, entrepreneurs forestiers, nous engageons Paquet d'allègement 27 L'Association suisse des entrepreneurs forestiers (ASEFOR) rejette catégoriquement les coupes prévues dans le paquet d'allègement 27 dans la formation forestière de base et continue ainsi que dans les tâches environnementales communes. De telles économies mettent en péril l'entretien durable de nos forêts et aggravent le manque aigu de personnel qualifié dans le secteur forestier. La FUS demande à la Confédération de [...]</p>

<!-- This site is optimized with the Yoast SEO plugin v26.8 - https://yoast.com/product/yoast-seo-wordpress/ -->
<title>Politik - Forstunternehmer Schweiz</title>
<meta name="robots" content="index, follow, max-snippet:-1, max-image-preview:large, max-video-preview:-1" />
<link rel="canonical" href="https://forstunternehmer.ch/fr/politik/" />
<meta property="og:locale" content="fr_FR" />
<meta property="og:type" content="article" />
<meta property="og:title" content="Politik - Forstunternehmer Schweiz" />
<meta property="og:description" content="Wir Forstunernehmer wir setzen uns ein Entlastungspaket 27 Der Verband Forstunternehmer Schweiz (FUS) lehnt die im Entlastungspaket 27 vorgesehenen Kürzungen bei der forstlichen Aus- und Weiterbildung sowie bei den Umwelt-Verbundaufgaben entschieden ab. Solche Einsparungen gefährden die nachhaltige Pflege unserer Wälder und verschärfen den akuten Fachkräftemangel in der Forstbranche. Der FUS fordert den Bund auf, seine [&hellip;]" />
<meta property="og:url" content="https://forstunternehmer.ch/fr/politik/" />
<meta property="og:site_name" content="Forstunternehmer Schweiz" />
<meta property="article:publisher" content="https://www.facebook.com/ForstunternehmerSchweiz" />
<meta property="article:modified_time" content="2025-04-29T04:51:44+00:00" />
<meta name="twitter:card" content="summary_large_image" />
<meta name="twitter:label1" content="Durée de lecture estimée" />
	<meta name="twitter:data1" content="1 minute" />
<script type="application/ld+json" class="yoast-schema-graph">{"@context":"https://schema.org","@graph":[{"@type":"WebPage","@id":"https://forstunternehmer.ch/politik/","url":"https://forstunternehmer.ch/politik/","name":"Politik - Forstunternehmer Schweiz","isPartOf":{"@id":"https://forstunternehmer.ch/#website"},"datePublished":"2025-04-29T04:38:38+00:00","dateModified":"2025-04-29T04:51:44+00:00","breadcrumb":{"@id":"https://forstunternehmer.ch/politik/#breadcrumb"},"inLanguage":"fr-FR","potentialAction":[{"@type":"ReadAction","target":["https://forstunternehmer.ch/politik/"]}]},{"@type":"BreadcrumbList","@id":"https://forstunternehmer.ch/politik/#breadcrumb","itemListElement":[{"@type":"ListItem","position":1,"name":"Startseite","item":"https://forstunternehmer.ch/"},{"@type":"ListItem","position":2,"name":"Politik"}]},{"@type":"WebSite","@id":"https://forstunternehmer.ch/#website","url":"https://forstunternehmer.ch/","name":"Forstunternehmer Schweiz","description":"Die zuverlässigen Partner in der Holzkette","publisher":{"@id":"https://forstunternehmer.ch/#organization"},"potentialAction":[{"@type":"SearchAction","target":{"@type":"EntryPoint","urlTemplate":"https://forstunternehmer.ch/?s={search_term_string}"},"query-input":{"@type":"PropertyValueSpecification","valueRequired":true,"valueName":"search_term_string"}}],"inLanguage":"fr-FR"},{"@type":"Organization","@id":"https://forstunternehmer.ch/#organization","name":"Forstunternehmer Schweiz","url":"https://forstunternehmer.ch/","logo":{"@type":"ImageObject","inLanguage":"fr-FR","@id":"https://forstunternehmer.ch/#/schema/logo/image/","url":"https://forstunternehmer.ch/wp-content/uploads/2024/10/01_Primary-Logo_Badgeversion_Forstunternehmer_DE_original_Ausgeruestet.png","contentUrl":"https://forstunternehmer.ch/wp-content/uploads/2024/10/01_Primary-Logo_Badgeversion_Forstunternehmer_DE_original_Ausgeruestet.png","width":2560,"height":2560,"caption":"Forstunternehmer Schweiz"},"image":{"@id":"https://forstunternehmer.ch/#/schema/logo/image/"},"sameAs":["https://www.facebook.com/ForstunternehmerSchweiz","https://www.linkedin.com/company/forstunternehmer-schweiz/"]}]}</script>
<!-- / Yoast SEO plugin. -->

Wir Forstunernehmer wir setzen uns ein Entlastungspaket 27 Der Verband Forstunternehmer Schweiz (FUS) lehnt die im Entlastungspaket 27 vorgesehenen Kürzungen bei der forstlichen Aus- und Weiterbildung sowie bei den Umwelt-Verbundaufgaben entschieden ab. Solche Einsparungen gefährden die nachhaltige Pflege unserer Wälder und verschärfen den akuten Fachkräftemangel in der Forstbranche. Der FUS fordert den Bund auf, seine [&hellip;]

Les partenaires fiables de la chaîne du bois
